30 - (1 + -7 - (-900 + 884))?
19
Calculate 2 - 19 - (-63 + 8 + (14 - 13)).
37
What is the value of 7 + 4 + (-12 - -11 - 4) + -44?
-38
Calculate -50 + (88 - 38) + (0 - (0 + 41 + 1)).
-42
229 - 213 - (18 + 3) - (95 + -6)
-94
Evaluate 57 + -101 + 73 + -50.
-21
What is 11 - 20 - (-7 - (-28 + 19 + -9))?
-20
(-24 - (-6 + 34)) + 33
-19
What is the value of 4 + -13 + 2 + (113 - 36) + -7?
63
What is -38 - 36 - (-516 + 400)?
42
What is the value of (14 + (14 - 20 - 9) - -8 - -8) + -159?
-144
82 + -1 + (-230 - -169)
20
Evaluate -105 + 17 + 8 + -30.
-110
(-323 - -317) + (-21 - (-2 - (3 - (2 + 7))))
-31
Evaluate 54 - (-75 - -101 - 1).
29
69 - (-68 + 113 + 47)
-23
What is 35 + (344 - 329 - (-3 + 3 + 23))?
27
What is the value of -55 - (-25 + 15 + 11)?
-56
Calculate 59 + (-66 - (-9 - 21)).
23
What is (1 - -8) + 18 + -12 - (127 + 19)?
-131
What is the value of (-7 - (-3 - -10 - (-14 + 38 - 17))) + -44?
-51
What is 1 + 101 + (216 + -164 - 79)?
75
Evaluate (2 - 11 - (-21 - (6 - 15) - -13)) + -11.
-21
Calculate 12 - (29 + -55 - (-4 + (-12 - -1))).
23
What is the value of -105 + 55 + 0 + 46?
-4
What is the value of -160 + (28 + -45 + 44 - 1)?
-134
Evaluate -51 - (-106 - -26 - -29).
0
2 - 2 - 6 - -11 - (-1 + -54 + -1)
61
Calculate -2 - (-2 + 11) - (45 + -39 - (8 - 45)).
-54
Evaluate (1 - -32 - (-22 - -22 - 6)) + (-5 - 3).
31
What is 30 + 20 - (92 - 112)?
70
Evaluate 116 - 1 - (7443 - 7399 - (1 - -26)).
98
What is the value of 1 + (8 - 0) + (-50 - (-66 + -10) - -26)?
61
What is the value of (-16 - -17) + 13 + -21 + -14?
-21
Calculate (-1 - (-15 + -20)) + (-19 - 1 - -13).
27
Evaluate (11 - -1) + (-37 - -21) + 9 + -82.
-77
What is -26 - (-40 - 37) - (-1 + 0 + 13)?
39
What is the value of -9 + 5 - -3 - (-26 + 23 + 1)?
1
What is the value of (-6 - 56 - 31) + (-12 - -18)?
-87
Evaluate 1 + 8 + (-121 - -184) + -32.
40
-604 + 521 - (-43 + 20 + -9)
-51
Evaluate 14 - 0 - (-27 + (-11 - (-37 + -15))).
0
What is -4 - -2 - 82 - (3 + 7 - 21)?
-73
-16 - (-8 - 4) - 16 - (2 - -2)
-24
Evaluate 4 + (53 - (0 - -6)) + -5 + (-2 - 2).
42
-18 + (99 - (28 - (18 - 7)))
64
What is the value of 2 - (-132 + 18 + 17 + -7)?
106
What is the value of (1 - -24) + (85 - (-12 - -102))?
20
Evaluate -3 + 3 + -22 + (-31 - -33) + (3 - -2).
-15
What is 21 - (8 + -4 + 25 - -3)?
-11
Calculate 40 + (4 - (-5 + 17)) - -13 - 11.
34
Evaluate 21 + 38 + -54 + -14 + (2 - -1).
-6
What is 61 - (46 + -91 + 124)?
-18
What is the value of 2 + -4 + -1 - 8 - (82 - (211 + 16))?
134
What is -921 + 884 - (-1 - 57)?
21
What is -35 - -28 - (126 - (-28 - -22)) - (0 + -16)?
-123
What is ((4 - -19) + -11 - -10) + -13 + 0?
9
What is the value of 2 - 39 - (72 + 7 - 63)?
-53
Evaluate 21 - -2 - (-302 + 314) - (1 - -65).
-55
22 + 6 + 9 + -40 - 59
-62
Evaluate (6 - 7 - 7 - -2) + (3 - (-6 + 15)).
-12
What is 0 + 69 + 0 - ((-20 - (-8 + -58)) + -47)?
70
Evaluate -66 - (48 - 57) - -6.
-51
Evaluate -10 + 52 + (-165 - -68).
-55
(67 - 6) + (1198 - 1269)
-10
What is 1 + 7 - (-20 + -18 + (-13 - -87) + -15)?
-13
What is the value of -126 + 110 - -48 - -74?
106
What is the value of -5 - (5 - (-15 + 0 + -21 + 108))?
62
Calculate (120 - (-30 - -368)) + 81.
-137
What is (16 + 7 - 24) + 11 + -64?
-54
(85 - (-141 + 120)) + -6 + (4 - 1)
103
13 + -26 - (-2 - ((-6 - 2) + 8))
-11
(1 - -1) + 63 + (-1351 - -1329)
43
Calculate -27 + 105 + 5 + -22.
61
Evaluate -377 - -355 - (3 - -8).
-33
What is -40 - (-54 - (16 + -3))?
27
Evaluate -1 + (-28 - -11) + -512 + 404.
-126
What is (10 + (-40 - 0) + -9 + 12 - -12) + -79?
-94
What is the value of -19 - (7 - (1 - (-16 + -3)))?
-6
22 + (0 - (-1 + -12 - -3)) + -2
30
What is (-15 - (-9 - -4 - (-26 + -3))) + (1 - 5)?
-43
What is the value of 4 + (-42 - -10 - 2) - (27 - 15)?
-42
Calculate 18 - -18 - (-160 - -156).
40
What is the value of -4 + -26 + 14 + 23 - 51 - -12?
-32
Calculate -38 + 45 - -42 - 53.
-4
Evaluate -3 + (2 - (17 + -12 + -4)) + 14.
12
Calculate (-10 - -1) + (118 - (76 - 34)).
67
Calculate (3 - 1) + -4 + 14 + 31 + 41 + -51.
33
What is 12 - -3 - (-39 - ((-28 - -21) + 22))?
69
-3 + 0 + (36 - (-39 - -64))
8
Calculate (17 - 143 - -79) + 48.
1
-23 + -48 - -80 - -16
25
What is -29 - (36 + -59 + 27)?
-33
Calculate (22 - -60) + -29 + -110.
-57
What is (-2 - -1) + 10 - (4 + -20 - (-14 - 10))?
1
-10 + 65 + -33 + (13 - -8)
43
Calculate 1 + ((0 - (-52 + 25)) + 8 + 1 - -9).
46
9 + (-14 - -11) + 6 + -48 + 11
-25
Calculate -2 - 40 - ((10 - 15 - 10) + 15).
-42
Calculate (88 - (119 - 51)) + -99.
-79
What is the value of (326 - 100) + -52 + -128?
46
Evaluate (-10 - 0 - -10) + -7 + -20.
-27
What is the value of 82 + (-30 - 5) - 0?
47
What is the value of (9 - 66) + 1 + 5 - -13?
-38
What is (4 - -2) + -37 + 3 + -15 + 22?
-21
What is (-18 + (5 - -2) - -38) + 2 + -7 - 10?
12
What is the value of (5 + -24 + -16 - (-1 - 0)) + (-1 - 7)?
-42
Calculate 5 - ((44 - 3) + -124 + 122).
-34
Evaluate 31 - (-202 - -185) - (1 + 17).
30
Evaluate 31 + -1 + (80 - (263 - 182)).
29
What is the value of 21 - (9 - 20 - -2 - 2)?
32
Calculate (-122 - -43) + -7 + 92.
6
Calculate -2 + 2 + -43 + 21 + -19 + 23.
-18
310 + -141 - 182 - (0 + -93)
80
Evaluate -137 - -49 - (-62 + 60).
-86
What is (10 - (4 + -1) - (-320 + 318)) + -69?
-60
40 + (31 - 12 - 40) + 37
56
What is -7 - ((-59 - 13) + -4 + 2 + 3)?
64
Evaluate (-14 + 3 - (28 - (28 + 5))) + 52.
46
Evaluate 14 + -2357 + 2335 + 54 + -1.
45
What is 51 + (10 + -31 + -2 - -6 - -7) - 1?
40
What is the value of 741 + -734 + (-1 + 0 - -5) + (134 - 4)?
141
What is -18 + (-36 - (-37 - -16)) + -15?
-48
What is 1 + (9 - -65) + -3 + (14 - 15) + -2?
69
What is the value of (116 - 27) + (-1 - 42)?
46
Calculate -89 - 2 - (10 + 14 + (-31 - -21)).
-105
Evaluate -8 + -94 - (64 - 57 - 23).
-86
What is the value of 16 + 68 + -4 - -2 - 12 - 7?
63
Calculate (-6 - (40 - -1) - 18) + 2 + 17.
-46
What is (-54 - (-52 - 10)) + -59?
-51
What is the value of (8 - -58 - 3) + -19 - (1 + -3)?
46
What is -1 + 13 + 36 + (-26 - 14) - 96?
-88
Calculate -59 + (-9 - -10) - -39.
-19
Evaluate 1 + 7 + -139 + 87 + 37.
-7
175 + -223 - (1 + -28)
-21
What is 8 + (-1 - (0 + -3)) - (3067 - 3053) - -29?
25
Calculate (682 - 741) + 5 + 2 + (-5 - -2).
-55
What is the value of (-10 - (20 - ((-68 - -76) + -4 + -1))) + 2?
-25
What is -9 + 1 - (1 + 0 + (2762 - 2746))?
-25
15 + (-37 - 14) + -8
-44
Evaluate 0 + -2 - (13 + -16 - -16 - 2).
-13
Calculate 255 + -17 + -301 + 7 + (-1 - -1).
-56
Calculate (-151 - -161) + 2 + -2 - 20.
-10
Evaluate (-1 - -3 - -4 - 25) + 7 - -2.
-10
What is the value of (4 + -8 + 24 - 19) + (-14 - 73)?
-86
17 - (-37 + 83) - (9 + -5 + 3)
-36
What is -10 + (-4801 + 4803 + -38 + (1 - 0) - 2)?
-47
Evaluate (-15563 - -15572 - ((2 - 1) + 127 + -1)) + -11.
-129
Calculate 48 + -11 + 23 + -23 + 37.
74
What is -14 + (-3 - (-21 - (-9 - -4))) + -4?
-5
What is ((4 - 0) + -1 - -6) + (-13 - 0)?
-4
What is (-4 - 0) + -17 + (-94 - -79) + 19 + -4?
-21
What is 30 - (2 - (2 - 17)) - 24?
-11
What is -58 - (-1 - 19 - (-1810 + 1795) - (0 - 7))?
-60
Evaluate -141 - (-269 - -124) - (23 + 1) - 89.
-109
(8 - -14 - (35 - 26)) + -72
-59
Evaluate (-165 - -158) + (-3 - -74) + 0.
64
Calculate 8 + (17 - (-1 - -28)) - -6 - 56.
-52
Evaluate 92 + -21 + 31 + -24 + 8.
86
What is -49 - (-66 - -42 - 119) - 44?
50
What is (-152 - (31 - 98)) + -1?
-86
13 + 19 + -10 + -1 + (12 + 8 - 148)
-107
What is (22 - (-3 - -7)) + (-44 - -12)?
-14
79 + (-114 - -59 - 8)
16
What is -43 + (-114 - -104 - -160)?
107
What is -1 - (11 - (2 + 1 - (-70 - -62))) - -40?
39
What is the value of -27 + 8 + -8 + -17 + 15?
-29
(-18 - (-12 - 5)) + -2 + -1 + 6
2
23 + -6 + 2 - (17 + 1) - (-81 + -5)
87
What is the value of 8 - (68 + -7) - (30 - 44)?
-39
(36 - (22 - -5 - -8)) + 124
125
What is -25 + 0 - ((7 - 18) + 22)?
-36
What is the value of (12 - -69) + -67 + -3 + -1 + -133?
-123
Calculate -73 + (24 - (33 - 62)).
-20
What is 246 - 63 - 204 - (0 - 1)?
-20
Calculate -61 - (13 + -46 + 30).
-58
2 - -40 - (2 - (26 - -22))
88
Calculate -3 - 5 - ((9 - -1) + (-14 - 2)) - -42.
40
28 + -28 + (3 - 0) + (5 - 7) + 6
7
What is the value of 604 + -549 + (-6 - 18)?
31
What is 4 + 4 + -31 + (-270 - -275)?
-18
What is the value of 23 - (-1064 + 1036 + 26 + 2)?
23
2 - 23 - (52 - (23 - -67))
17
Calculate -29 - ((-25 - 8) + 1).
3
Evaluate (86 - (-7 + 29)) + -39.
25
Calculate -7 + -14 + -24 - (-5 + -10).
-30
What is the value of 